 j(z) = c*y(z) - t(z). Let q(a) = 6*a. Let p be q(1). What is j(p)?
2
Let u(k) be the second derivative of k**3/2 + 14*k**2 - k - 126. Determine u(-13).
-11
Let k(z) = -3*z - 18*z**2 + 71 - 91 + 19*z**2. What is k(6)?
-2
Let f(b) be the third derivative of b**5/60 - b**4/8 + b**3/6 + 12*b**2. Calculate f(5).
11
Let u(d) = 6*d - 2. Let a = 124 - 123. Give u(a).
4
Let r(c) = -c**2 + 7*c + 5. Let v be r(7). Let l(h) = 8*h + 6 - 4*h**2 + v*h**2 - h. What is l(-4)?
-6
Let s(x) = -x**3 - 3*x**2 + x - 3. Let w(v) = v**3 - v**2 - 2*v. Let y be w(2). Suppose 2*l = -y*l - 4. Let n = -1 + l. Determine s(n).
-6
Let n(u) = 2*u**3 - 2*u**2 - u - 1. Let g be n(2). Suppose 3*t - 16 + 7 = 0. Let z(v) = -v**2 - v + 7*v + 0 + t. Determine z(g).
8
Let c(j) = 2*j - 2. Let w(y) = -y - 9. Let u be w(-11). Suppose 0*g - 2*g = 2*a - 6, -u*g + 2 = a. Determine c(a).
6
Let m(a) = -a**3 - 5*a**2 - 5*a + 3. Let d be 3 + 3/9*0. Let o be 36/24*8/d. Let n be -4*o/(-16)*-4. Calculate m(n).
7
Let g(c) = c**3 - 5*c**2 + 3. Suppose -12*b = -17*b - 10. Let z = 1 - b. Give g(z).
-15
Let o(f) = f**3 - f. Let h(j) = -5*j**3 + j. Let t(q) = h(q) + 2*o(q). Let s = 6 + 12. Let p be (-30)/s - (-2)/3. Calculate t(p).
4
Let k(i) = -i**2. Let g(h) = 4*h**2 - h - 6. Let x(q) = -g(q) - 3*k(q). Calculate x(0).
6
Let p(s) be the third derivative of s**4/6 + s**3/3 - 189*s**2. Calculate p(-4).
-14
Let r(k) = 3*k + 1. Let q be 20 - (0/(-3) + 0). Suppose -4*n + q = 4*h, -4*h + 7 + 13 = 2*n. Suppose -h*s + 19 = 4. Calculate r(s).
10
Let p = 55 - 53. Let t(q) = 11 + q**2 - 5*q - 36 - p*q + 17. Determine t(8).
0
Let m(t) = -30 - 12*t - 36 - 12 + 54 + t**2. Give m(14).
4
Suppose -2*w + 4*f = -f - 7, 2*w + 4*f - 52 = 0. Let j = w - 11. Let a(r) be the first derivative of r**3/3 - 3*r**2 + 3*r + 24. Give a(j).
-2
Let y(w) = 155 + 2*w**2 + w**2 - 156. Calculate y(-1).
2
Let t(h) = h - 1. Let y(j) = 8*j - 6. Let o(c) = 4*t(c) - y(c). Let i(s) = 22 - 4*s**3 + 16*s**2 + 17*s + 5*s**3 - 4 - 16*s. Let g be i(-16). What is o(g)?
-6
Suppose 0 = -7*t + 9*t + 4. Let p(j) = -15*j - 2. What is p(t)?
28
Let x = -753 - -751. Let h(z) = -2*z**2 + 1. Give h(x).
-7
Let h(t) be the third derivative of t**5/60 - 3*t**4/8 - 2*t**3/3 + 109*t**2 - 2. Give h(7).
-18
Let c(h) = -4 + 11 + 4*h - 2. Calculate c(-6).
-19
Let w(p) = -p**3 + 2*p**2 - 18. Let t be w(0). Let k = -2 + t. Let c = k - -26. Let l(j) = 2*j - 9. Determine l(c).
3
Let g(b) = b - 4. Suppose 15 + 1 = 4*x. Suppose 4*r + 3*u = 2*r - 9, 12 = r - x*u. Let j = 5 + r. Give g(j).
1
Let o be 6/15 - 16/(-10). Let a(g) = -2*g**2 - 3*g. Let d(p) be the first derivative of p**3/3 + p**2/2 - 31. Let j(x) = 4*a(x) + 12*d(x). Calculate j(o).
16
Let u(f) be the first derivative of -f**6/360 - f**4/24 + 2*f**3/3 - 12. Let q(d) be the third derivative of u(d). What is q(3)?
-10
Suppose p - 13 = 2. Suppose -r = r + 32. Let n = r + p. Let m(j) = -3*j**3 + j**2 + j + 1. What is m(n)?
4
Let q(w) be the second derivative of -w**4/12 + 3*w**3/2 - 9*w**2/2 - 55*w. Determine q(7).
5
Let z(g) = -g**3 - 3*g**2 - 3*g - 2. Suppose -m = -5, 0 = -2*s - s + 5*m - 7. Suppose s*w + 45 = w. Let l = -12 - w. Calculate z(l).
7
Let s be 56/3*60/40. Let o = s - 28. Let b(f) be the first derivative of -f**2/2 - 2*f - 1. Determine b(o).
-2
Let v(l) = -2*l + 2. Let h be v(4). Suppose -12*p + 7*p + 35 = 0. Let c(g) = 256*g**2 - 3*g**3 + p - 5*g - 251*g**2 + 4*g**3. What is c(h)?
1
Let u be (-2)/4*(2 + 0). Let i(v) = -1 + 5905*v**2 + 2 - 5907*v**2 + 2*v. Calculate i(u).
-3
Suppose 0 = 4*q + k - 1, q + 0 = -k + 1. Let v(p) be the third derivative of q + 1/24*p**4 + 1/2*p**3 + 2*p**2 + 0*p. Determine v(-2).
1
Let y(o) = -o**2 + 0*o**2 - 23*o + 6 - 1 + 15*o - 6. What is y(-7)?
6
Suppose 7*l + 14*l + 105 = 0. Let u(d) = -d - 19. What is u(l)?
-14
Let v(c) = -c**3 - 5*c**2 + 6*c - 12. Let p(u) = 2*u**2 - u + 1. Let y(x) = -5*p(x) - v(x). Give y(5).
2
Let q(u) be the first derivative of -u**4/3 + 4*u - 8. Let n(t) be the first derivative of q(t). Determine n(1).
-4
Let q(k) = 24*k**3 - 23*k**2 - 5*k - 3. Let t(i) = 13*i**3 - 12*i**2 - 3*i - 2. Let g(z) = 6*q(z) - 11*t(z). Determine g(5).
-6
Let k(f) = 27*f**2 - 40*f + 8. Let i(w) = 5*w**2 - 8*w + 2. Let a(g) = -11*i(g) + 2*k(g). Give a(7).
1
Let f(g) = 7*g**2 - 6. Let y(i) = 8*i**2 - 7. Let b(c) = -6*f(c) + 5*y(c). Let w(p) = 3*p + 16. Let o be w(-5). Let l = o + -2. What is b(l)?
-1
Suppose 24*z - 10 = 26*z. Let o(d) = 2*d - 1. Give o(z).
-11
Let y(m) = -4*m + 4 + 3*m + 0. Let l be 5/((-10)/(-4))*22. Let g = -48 + l. What is y(g)?
8
Suppose 0*j - 4*j - 24 = 3*u, j + 4*u + 19 = 0. Let p(m) = -m + 8 - 1 + 2*m. Determine p(j).
4
Let b(u) = 3*u + 1. Suppose -3*s - 18 = -3. Let h(r) = 38 - 72 + 4*r + 35. Let j(c) = s*b(c) + 4*h(c). Determine j(-3).
-4
Suppose -28*l + 64 = -12*l. Let c = 5 + 0. Suppose 0 = -v - c*t - 28, -22 = l*v - 4*t + 6*t. Let b(o) = -4*o - 1. Determine b(v).
11
Let h(u) = 9*u - 21. Suppose 4*i + 7 = c + 20, i = -2*c + 1. Give h(i).
6
Let l(z) = 7 - 1 + 3*z + 4*z - 3*z. Let o = -15 + 11. Calculate l(o).
-10
Let k(v) be the first derivative of v**4/4 + 2*v**3 + 7*v + 109. Let u(n) = n**3 - 4*n**2 - n + 4. Let z be u(2). What is k(z)?
7
Let f(c) = 2*c + 4. Let v(r) = r**3 + 19*r**2 - 19*r + 16. Let w be v(-20). What is f(w)?
-4
Let n(g) = g**3 + 2*g**2 - 4*g + 1. Let l be n(-2). Let d(i) = -8*i + l*i + 3 - 2*i. Determine d(0).
3
Let z be -6*4/(-8) + -1. Suppose z*h - 43 + 19 = 0. Suppose h = 2*x + 2*x. Let n(j) = -j**2 + j - 4. Calculate n(x).
-10
Suppose -5*l - 70 - 4 = -t, 4*t - 11 = l. Let f be (4/6 + 25/l)*-3. Let o(w) = -w + 1. Determine o(f).
-2
Let v = 55 - 27. Let y(a) = -a**2 - v*a + 18*a + 9*a. Let d(u) = -u**3 + u. Let l(f) = d(f) + y(f). Give l(-1).
0
Let q(c) = c**2 + 1. Let a = -15 - -22. Suppose -2*s + 2*j + a - 17 = 0, -s = -2*j + 8. Give q(s).
5
Let m(z) = -z**2 - 4*z. Let t be m(-3). Let x(w) = -6*w + 2 - 1 + 2*w**2 + 2*w + t. Determine x(4).
20
Let t = 7 - -6. Suppose 3*y = t - 4. Let q(k) = 3*k - 1 - y*k - 2*k. Calculate q(-4).
7
Let d = 9 + 2. Let c be (-11)/(d/(-6)) + -4. Let o(p) = 12*p + 12*p - 4 - 29*p - 2*p**c. Determine o(-3).
-7
Let r(x) = 44*x**3 - 2*x + 1. Let z(v) = 133*v**3 - 6*v + 4. Let g(n) = -7*r(n) + 2*z(n). What is g(-1)?
41
Let l(j) = 6*j + 1 - 297*j**3 + 2*j**2 + 298*j**3 - 4*j + 1 - 4*j**2. Suppose 2*u - 4*u = -4. Give l(u).
6
Let c(v) = -v - 12. Let y(h) = -h - 13. Let o(x) = -3*c(x) + 2*y(x). Let j = 40 + -40. What is o(j)?
10
Let y(i) = -i**3 + 3*i**2 + 2*i - 2. Let q = -9 + 4. Let k(x) = x**2 + 3*x - 7. Let w be k(q). Let d be y(w). Let b(c) = -c + 8. Calculate b(d).
4
Let f(n) = 755 - 376 - 380 - n. Determine f(0).
-1
Let n(y) = 2*y**2 + 5*y + 6. Let h(u) = 10*u - 3*u**2 + u**2 + 11 + 6*u**2. Let g(m) = -6*h(m) + 11*n(m). Calculate g(-4).
-12
Let z = 43 - 47. Let n(y) = y**3 + 4*y**2 + 2*y + 6. Calculate n(z).
-2
Let h = -238 - -234. Let t(a) = 2*a**3 + 5*a**2 - 3*a - 1. Give t(h).
-37
Let v(q) be the second derivative of -q**5/20 - 7*q**4/6 + q**3/6 + 2*q**2 + 30*q. Give v(-14).
-10
Let o(i) be the third derivative of 0 - 2/3*i**3 + 2*i**2 - 1/60*i**5 + 0*i + 5/24*i**4. Let s = -5 - -9. Give o(s).
0
Let y = -7 - -10. Let g be 3/(-2 + y/6). Let s(l) be the second derivative of -l**4/6 - l**2/2 - l. What is s(g)?
-9
Let i(v) be the first derivative of -1 + 2*v + 1/2*v**2 - 1/3*v**3. Let l(o) = o + 50. Let b be l(-50). Give i(b).
2
Suppose -x - 44 = 3*x + d, -11 = x + 3*d. Let o(t) = -t**2 - 11*t + 16. Calculate o(x).
16
Let h(o) = 2*o. Let m(a) = -a**3 - 11*a**2 - 9*a + 13. Let i(z) = -2*z + 18. Let j be i(14). Let r be m(j). Let s be -8*4/(-24)*r. What is h(s)?
8
Let i(u) = u - 2. Suppose 10 = 3*f + 2*f. Let w(p) = 4*p - 15. Let x(l) = f*i(l) - w(l). Give x(8).
-5
Let l(r) = 0 - 4 - 7842*r + 7851*r. What is l(3)?
23
Let j = 3702 + -3700. Let v(p) = p**2 - 4*p - 7. Let x be v(6). Let n(a) = -x*a - 4 + 3 - a. Calculate n(j).
-13
Let v(u) = -416*u + 418*u + 3 + 8 - 1. Determine v(7).
24
Let j = -7 - 2. Let m(s) = -s - 7. Let v be m(j). Let g(z) = -5 - v*z**2 + 4 - 4 + 5*z + 2. Give g(3).
-6
Suppose 0 = -3*o - 5*g - 434, 4*o - 4*g + 617 = -3*g. Let p be 8/6*o/(-34). Let w(b) = 4*b + 1. What is w(p)?
25
Let q = 10 - 10. Suppose q = -m - 1. Let d = m - -6. Let j(w) = -4*w + 7. Determine j(d).
-13
Supp